{"id":97,"date":"2022-01-20T21:52:03","date_gmt":"2022-01-20T20:52:03","guid":{"rendered":"https:\/\/camillelouyot.fr\/?page_id=97"},"modified":"2024-09-13T17:24:02","modified_gmt":"2024-09-13T15:24:02","slug":"contact-photographe","status":"publish","type":"page","link":"https:\/\/camillelouyot.fr\/?page_id=97","title":{"rendered":"Contact"},"content":{"rendered":"\t\t<div data-elementor-type=\"wp-page\" data-elementor-id=\"97\" class=\"elementor elementor-97\">\n\t\t\t\t\t\t<section class=\"elementor-section elementor-top-section elementor-element elementor-element-04abdf2 elementor-section-stretched elementor-section-boxed elementor-section-height-default elementor-section-height-default exad-glass-effect-no exad-sticky-section-no\" data-id=\"04abdf2\" data-element_type=\"section\" data-settings=\"{&quot;stretch_section&quot;:&quot;section-stretched&quot;,&quot;background_background&quot;:&quot;classic&quot;}\">\n\t\t\t\t\t\t<div class=\"elementor-container elementor-column-gap-default\">\n\t\t\t\t\t<div class=\"elementor-column elementor-col-100 elementor-top-column elementor-element elementor-element-16a7875 exad-glass-effect-no exad-sticky-section-no\" data-id=\"16a7875\" data-element_type=\"column\">\n\t\t\t<div class=\"elementor-widget-wrap elementor-element-populated\">\n\t\t\t\t\t\t<div class=\"elementor-element elementor-element-f2f1e53 exad-sticky-section-no exad-glass-effect-no elementor-widget elementor-widget-spacer\" data-id=\"f2f1e53\" data-element_type=\"widget\" data-widget_type=\"spacer.default\">\n\t\t\t\t<div class=\"elementor-widget-container\">\n\t\t\t\t\t\t\t<div class=\"elementor-spacer\">\n\t\t\t<div class=\"elementor-spacer-inner\"><\/div>\n\t\t<\/div>\n\t\t\t\t\t\t<\/div>\n\t\t\t\t<\/div>\n\t\t\t\t<div class=\"elementor-element elementor-element-b079a3b exad-sticky-section-no exad-glass-effect-no elementor-widget elementor-widget-spacer\" data-id=\"b079a3b\" data-element_type=\"widget\" data-widget_type=\"spacer.default\">\n\t\t\t\t<div class=\"elementor-widget-container\">\n\t\t\t\t\t\t\t<div class=\"elementor-spacer\">\n\t\t\t<div class=\"elementor-spacer-inner\"><\/div>\n\t\t<\/div>\n\t\t\t\t\t\t<\/div>\n\t\t\t\t<\/div>\n\t\t\t\t\t<\/div>\n\t\t<\/div>\n\t\t\t\t\t<\/div>\n\t\t<\/section>\n\t\t\t\t<section class=\"elementor-section elementor-top-section elementor-element elementor-element-698334f elementor-section-stretched elementor-section-boxed elementor-section-height-default elementor-section-height-default exad-glass-effect-no exad-sticky-section-no\" data-id=\"698334f\" data-element_type=\"section\" data-settings=\"{&quot;stretch_section&quot;:&quot;section-stretched&quot;}\">\n\t\t\t\t\t\t<div class=\"elementor-container elementor-column-gap-default\">\n\t\t\t\t\t<div class=\"elementor-column elementor-col-100 elementor-top-column elementor-element elementor-element-87314c6 exad-glass-effect-no exad-sticky-section-no\" data-id=\"87314c6\" data-element_type=\"column\">\n\t\t\t<div class=\"elementor-widget-wrap elementor-element-populated\">\n\t\t\t\t\t\t<div class=\"elementor-element elementor-element-e7df23e exad-sticky-section-no exad-glass-effect-no elementor-widget elementor-widget-text-editor\" data-id=\"e7df23e\" data-element_type=\"widget\" data-widget_type=\"text-editor.default\">\n\t\t\t\t<div class=\"elementor-widget-container\">\n\t\t\t\t\t\t\t\t\t<p><span style=\"color: #202124; font-family: arial, sans-serif; font-size: 14px;\">\u00a0<\/span><\/p><h1 style=\"margin: 0px 0px 3px; padding: 5px 0px 0px; font-size: 20px; line-height: 1.3; font-family: arial, sans-serif; display: inline-block;\"><img decoding=\"async\" class=\"emoji\" role=\"img\" draggable=\"false\" src=\"https:\/\/s.w.org\/images\/core\/emoji\/13.1.0\/svg\/2709.svg\" alt=\"\u2709\ufe0f\" \/><span style=\"font-weight: normal;\"> contact@camillelouyot.fr<\/span><\/h1><div><span style=\"font-size: 20px; font-family: arial, sans-serif; color: var( --e-global-color-text );\">\u00a0<\/span><\/div><div><span style=\"font-size: 20px; font-family: arial, sans-serif; color: var( --e-global-color-text );\">\u00a0<\/span><\/div><div><span style=\"font-size: 20px; font-family: arial, sans-serif; color: var( --e-global-color-text );\">\u00a0<\/span><\/div><div><span style=\"font-size: 20px; font-family: arial, sans-serif; color: var( --e-global-color-text );\">\u00a0<\/span><\/div><div><span style=\"font-size: 20px; font-family: arial, sans-serif; color: var( --e-global-color-text );\">\u00a0<\/span><\/div><div><span style=\"font-size: 20px; font-family: arial, sans-serif; color: var( --e-global-color-text );\">\u00a0<\/span><br \/><span style=\"font-size: 20px; font-family: arial, sans-serif; color: var( --e-global-color-text );\"><br \/><\/span><\/div><div><span style=\"font-size: 20px; font-family: arial, sans-serif; color: var( --e-global-color-text );\"><img decoding=\"async\" class=\"emoji\" role=\"img\" draggable=\"false\" src=\"https:\/\/s.w.org\/images\/core\/emoji\/13.1.0\/svg\/1f4de.svg\" alt=\"\ud83d\udcde\" \/> 07 82 70 45 18<\/span><\/div>\t\t\t\t\t\t\t\t<\/div>\n\t\t\t\t<\/div>\n\t\t\t\t<div class=\"elementor-element elementor-element-54d7b9e exad-sticky-section-no exad-glass-effect-no elementor-widget elementor-widget-spacer\" data-id=\"54d7b9e\" data-element_type=\"widget\" data-widget_type=\"spacer.default\">\n\t\t\t\t<div class=\"elementor-widget-container\">\n\t\t\t\t\t\t\t<div class=\"elementor-spacer\">\n\t\t\t<div class=\"elementor-spacer-inner\"><\/div>\n\t\t<\/div>\n\t\t\t\t\t\t<\/div>\n\t\t\t\t<\/div>\n\t\t\t\t\t<\/div>\n\t\t<\/div>\n\t\t\t\t\t<\/div>\n\t\t<\/section>\n\t\t\t\t<section class=\"elementor-section elementor-top-section elementor-element elementor-element-38033d0 elementor-section-stretched elementor-section-boxed elementor-section-height-default elementor-section-height-default exad-glass-effect-no exad-sticky-section-no\" data-id=\"38033d0\" data-element_type=\"section\" data-settings=\"{&quot;stretch_section&quot;:&quot;section-stretched&quot;}\">\n\t\t\t\t\t\t<div class=\"elementor-container elementor-column-gap-default\">\n\t\t\t\t\t<div class=\"elementor-column elementor-col-100 elementor-top-column elementor-element elementor-element-3158415 exad-glass-effect-no exad-sticky-section-no\" data-id=\"3158415\" data-element_type=\"column\">\n\t\t\t<div class=\"elementor-widget-wrap elementor-element-populated\">\n\t\t\t\t\t\t<div class=\"elementor-element elementor-element-ca26469 exad-sticky-section-no exad-glass-effect-no elementor-widget elementor-widget-heading\" data-id=\"ca26469\" data-element_type=\"widget\" data-widget_type=\"heading.default\">\n\t\t\t\t<div class=\"elementor-widget-container\">\n\t\t\t\t\t<h2 class=\"elementor-heading-title elementor-size-default\">Discutons !<\/h2>\t\t\t\t<\/div>\n\t\t\t\t<\/div>\n\t\t\t\t<div class=\"elementor-element elementor-element-93cfb06 exad-sticky-section-no exad-glass-effect-no elementor-widget elementor-widget-text-editor\" data-id=\"93cfb06\" data-element_type=\"widget\" data-widget_type=\"text-editor.default\">\n\t\t\t\t<div class=\"elementor-widget-container\">\n\t\t\t\t\t\t\t\t\t<p><\/p>\n<p><br><\/p><p>Des questions, une prise de rendez-vous, une premi\u00e8re prise de contact, vous pouvez remplir le formulaire ci-dessous et restez connect\u00e9s sur votre bo\u00eete mail pour la r\u00e9ponse&nbsp;<img decoding=\"async\" class=\"emoji\" style=\"color: var( --e-global-color-text ); background-color: #ffffff; font-family: arial, sans-serif; font-size: 20px; font-weight: bold; background-image: none !important;\" role=\"img\" draggable=\"false\" src=\"https:\/\/s.w.org\/images\/core\/emoji\/13.1.0\/svg\/2709.svg\" alt=\"\u2709\ufe0f\"><span style=\"color: var( --e-global-color-text );\">&nbsp;<\/span><\/p>\t\t\t\t\t\t\t\t<\/div>\n\t\t\t\t<\/div>\n\t\t\t\t<div class=\"elementor-element elementor-element-d90a39a exad-sticky-section-no exad-glass-effect-no elementor-widget elementor-widget-content_form_contact\" data-id=\"d90a39a\" data-element_type=\"widget\" data-widget_type=\"content_form_contact.default\">\n\t\t\t\t<div class=\"elementor-widget-container\">\n\t\t\t\t\t<form action=\"https:\/\/camillelouyot.fr\/wp-admin\/admin-post.php\" method=\"post\" name=\"content-form-d90a39a\" id=\"content-form-d90a39a\" class=\"ti-cf-module content-form content-form-contact content_form_contact\"><input type=\"hidden\" id=\"_wpnonce_contact\" name=\"_wpnonce_contact\" value=\"5f193b28f2\" \/><input type=\"hidden\" name=\"_wp_http_referer\" value=\"\/index.php?rest_route=%2Fwp%2Fv2%2Fpages%2F97\" \/><input type=\"hidden\" name=\"action\" value=\"content_form_submit\" \/><input type=\"hidden\" name=\"form-type\" value=\"contact\" \/><input type=\"hidden\" name=\"form-builder\" value=\"elementor\" \/><input type=\"hidden\" name=\"post-id\" value=\"97\" \/><input type=\"hidden\" name=\"form-id\" value=\"d90a39a\" \/><fieldset class=&quot;content-form-field-text elementor-column elementor-col-100&quot;><label for=\"data[d90a39a][name]\" >Nom<span class=\"required-mark\"> *<\/span><\/label><input type=\"text\" name=\"data[d90a39a][name]\" id=\"data[d90a39a][name]\" required=required  placeholder=\"Nom\"><\/fieldset><fieldset class=&quot;content-form-field-email elementor-column elementor-col-100&quot;><label for=\"data[d90a39a][email]\" >Email<span class=\"required-mark\"> *<\/span><\/label><input type=\"text\" name=\"data[d90a39a][email]\" id=\"data[d90a39a][email]\" required=required  placeholder=\"Email\"><\/fieldset><fieldset class=&quot;content-form-field-number elementor-column elementor-col-100&quot;><label for=\"data[d90a39a][phone]\" >T\u00e9l\u00e9phone<\/label><input type=\"text\" name=\"data[d90a39a][phone]\" id=\"data[d90a39a][phone]\"   placeholder=\"T\u00e9l\u00e9phone\"><\/fieldset><fieldset class=&quot;content-form-field-text elementor-column elementor-col-100&quot;><label for=\"data[d90a39a][votre-adresse]\" >Votre adresse<\/label><input type=\"text\" name=\"data[d90a39a][votre-adresse]\" id=\"data[d90a39a][votre-adresse]\"   placeholder=\"Rue, code postal, ville\"><\/fieldset><fieldset class=&quot;content-form-field-text elementor-column elementor-col-100&quot;><label for=\"data[d90a39a][type-de-prestation-souhaitee]\" >Type de prestation souhait\u00e9e <\/label><input type=\"text\" name=\"data[d90a39a][type-de-prestation-souhaitee]\" id=\"data[d90a39a][type-de-prestation-souhaitee]\"   placeholder=\"Prestation\"><\/fieldset><fieldset class=&quot;content-form-field-text elementor-column elementor-col-100&quot;><label for=\"data[d90a39a][date-de-la-prestation-souhaitee]\" >Date de la prestation souhait\u00e9e <\/label><input type=\"text\" name=\"data[d90a39a][date-de-la-prestation-souhaitee]\" id=\"data[d90a39a][date-de-la-prestation-souhaitee]\"   placeholder=\"Date \"><\/fieldset><fieldset class=&quot;content-form-field-textarea elementor-column elementor-col-100&quot;><label for=\"data[d90a39a][message]\" >Message<\/label><textarea name=\"data[d90a39a][message]\" id=\"data[d90a39a][message]\"   placeholder=\"Message\" cols=\"30\" rows=\"5\"><\/textarea><\/fieldset><fieldset class=\"submit-form contact\"><button type=\"submit\" name=\"submit\"  value=\"submit-contact-d90a39a\" class=\"\">Envoyer<\/button><\/fieldset><\/form>\t\t\t\t<\/div>\n\t\t\t\t<\/div>\n\t\t\t\t\t<\/div>\n\t\t<\/div>\n\t\t\t\t\t<\/div>\n\t\t<\/section>\n\t\t\t\t<section class=\"elementor-section elementor-top-section elementor-element elementor-element-0ce6d11 elementor-section-boxed elementor-section-height-default elementor-section-height-default exad-glass-effect-no exad-sticky-section-no\" data-id=\"0ce6d11\" data-element_type=\"section\">\n\t\t\t\t\t\t<div class=\"elementor-container elementor-column-gap-default\">\n\t\t\t\t\t<div class=\"elementor-column elementor-col-100 elementor-top-column elementor-element elementor-element-4c02fd1 exad-glass-effect-no exad-sticky-section-no\" data-id=\"4c02fd1\" data-element_type=\"column\">\n\t\t\t<div class=\"elementor-widget-wrap elementor-element-populated\">\n\t\t\t\t\t\t<div class=\"elementor-element elementor-element-0c56698 exad-sticky-section-no exad-glass-effect-no elementor-widget elementor-widget-exad-team-member\" data-id=\"0c56698\" data-element_type=\"widget\" data-widget_type=\"exad-team-member.default\">\n\t\t\t\t<div class=\"elementor-widget-container\">\n\t\t\t\t\t\r\n\t\t<div class=\"exad-team-item\">\r\n\t\t\t<div class=\"exad-team-member exad-center exad-position-top\">\r\n\t\t\t\t\t\t\t\t\r\n\t\t\t\t<div class=\"exad-team-member-content\">\r\n\t\t\t\t\t\t\t\t\t\t\r\n\t\t\t\t\t\r\n\t\t\t\t\t\t\t\t\t\t\t\t\t\t\t\r\n\t\t\t\t\t\t\t\t\t\t\t<ul class=\"list-inline exad-team-member-social\">\r\n\t\t\t\t\t\t\t\t\r\n\t\t\t\t\t\t\t\t<li>\r\n\t\t\t\t\t\t\t\t\t<a href=\"https:\/\/www.facebook.com\/camillelouyotphotographe\" target=\"_blank\" class=\"exad-social-icon elementor-repeater-item-d75d036\">\r\n\t\t\t\t\t\t\t\t\t\t<i aria-hidden=\"true\" class=\"fab fa-facebook-f\"><\/i>\t\t\t\t\t\t\t\t\t<\/a>\r\n\t\t\t\t\t\t\t\t<\/li>\t\r\n\t\t\t\t\t\t\t\t\r\n\t\t\t\t\t\t\t\t<li>\r\n\t\t\t\t\t\t\t\t\t<a href=\"https:\/\/www.instagram.com\/camillelouyot\/?hl=fr\" target=\"_blank\" class=\"exad-social-icon elementor-repeater-item-ba18b5d\">\r\n\t\t\t\t\t\t\t\t\t\t<i aria-hidden=\"true\" class=\"fab fa-instagram\"><\/i>\t\t\t\t\t\t\t\t\t<\/a>\r\n\t\t\t\t\t\t\t\t<\/li>\t\r\n\t\t\t\t\t\t\t\t\t\t\t\t\t<\/ul>\r\n\t\t\t\t\t\r\n\t\t\t\t<\/div>\r\n\t\t\t\t\t\r\n\t\t\t<\/div>\r\n\t\t<\/div>\t\r\n\t\t\t\t\t\t<\/div>\n\t\t\t\t<\/div>\n\t\t\t\t\t<\/div>\n\t\t<\/div>\n\t\t\t\t\t<\/div>\n\t\t<\/section>\n\t\t\t\t<\/div>\n\t\t","protected":false},"excerpt":{"rendered":"<p>\u00a0 contact@camillelouyot.fr \u00a0\u00a0\u00a0\u00a0\u00a0\u00a0 07 82 70 45 18 Discutons ! Des questions, une prise de rendez-vous, une premi\u00e8re prise de contact, vous pouvez remplir le &hellip; <\/p>\n","protected":false},"author":1,"featured_media":0,"parent":0,"menu_order":0,"comment_status":"closed","ping_status":"closed","template":"","meta":{"footnotes":""},"yoast_head":"<!-- This site is optimized with the Yoast SEO plugin v24.5 - https:\/\/yoast.com\/wordpress\/plugins\/seo\/ -->\n<title>Contact Camille Louyot photographe Nancy<\/title>\n<meta name=\"description\" content=\"Les informations de contact de votre photographe \u00e0 Nancy. Pour se rencontrer, \u00e9changer, poser vos questions ou en savoir un peu plus.\" \/>\n<meta name=\"robots\" content=\"index, follow, max-snippet:-1, max-image-preview:large, max-video-preview:-1\" \/>\n<link rel=\"canonical\" href=\"https:\/\/camillelouyot.fr\/?page_id=97\" \/>\n<meta property=\"og:locale\" content=\"fr_FR\" \/>\n<meta property=\"og:type\" content=\"article\" \/>\n<meta property=\"og:title\" content=\"Contact Camille Louyot photographe Nancy\" \/>\n<meta property=\"og:description\" content=\"Les informations de contact de votre photographe \u00e0 Nancy. Pour se rencontrer, \u00e9changer, poser vos questions ou en savoir un peu plus.\" \/>\n<meta property=\"og:url\" content=\"https:\/\/camillelouyot.fr\/?page_id=97\" \/>\n<meta property=\"og:site_name\" content=\"Camille Louyot\" \/>\n<meta property=\"article:modified_time\" content=\"2024-09-13T15:24:02+00:00\" \/>\n<meta property=\"og:image\" content=\"https:\/\/s.w.org\/images\/core\/emoji\/13.1.0\/svg\/2709.svg\" \/>\n<meta name=\"twitter:card\" content=\"summary_large_image\" \/>\n<meta name=\"twitter:label1\" content=\"Dur\u00e9e de lecture estim\u00e9e\" \/>\n\t<meta name=\"twitter:data1\" content=\"1 minute\" \/>\n<script type=\"application\/ld+json\" class=\"yoast-schema-graph\">{\"@context\":\"https:\/\/schema.org\",\"@graph\":[{\"@type\":\"WebPage\",\"@id\":\"https:\/\/camillelouyot.fr\/?page_id=97\",\"url\":\"https:\/\/camillelouyot.fr\/?page_id=97\",\"name\":\"Contact Camille Louyot photographe Nancy\",\"isPartOf\":{\"@id\":\"https:\/\/camillelouyot.fr\/#website\"},\"primaryImageOfPage\":{\"@id\":\"https:\/\/camillelouyot.fr\/?page_id=97#primaryimage\"},\"image\":{\"@id\":\"https:\/\/camillelouyot.fr\/?page_id=97#primaryimage\"},\"thumbnailUrl\":\"https:\/\/s.w.org\/images\/core\/emoji\/13.1.0\/svg\/2709.svg\",\"datePublished\":\"2022-01-20T20:52:03+00:00\",\"dateModified\":\"2024-09-13T15:24:02+00:00\",\"description\":\"Les informations de contact de votre photographe \u00e0 Nancy. Pour se rencontrer, \u00e9changer, poser vos questions ou en savoir un peu plus.\",\"breadcrumb\":{\"@id\":\"https:\/\/camillelouyot.fr\/?page_id=97#breadcrumb\"},\"inLanguage\":\"fr-FR\",\"potentialAction\":[{\"@type\":\"ReadAction\",\"target\":[\"https:\/\/camillelouyot.fr\/?page_id=97\"]}]},{\"@type\":\"ImageObject\",\"inLanguage\":\"fr-FR\",\"@id\":\"https:\/\/camillelouyot.fr\/?page_id=97#primaryimage\",\"url\":\"https:\/\/s.w.org\/images\/core\/emoji\/13.1.0\/svg\/2709.svg\",\"contentUrl\":\"https:\/\/s.w.org\/images\/core\/emoji\/13.1.0\/svg\/2709.svg\"},{\"@type\":\"BreadcrumbList\",\"@id\":\"https:\/\/camillelouyot.fr\/?page_id=97#breadcrumb\",\"itemListElement\":[{\"@type\":\"ListItem\",\"position\":1,\"name\":\"Accueil\",\"item\":\"https:\/\/camillelouyot.fr\/\"},{\"@type\":\"ListItem\",\"position\":2,\"name\":\"Contact\"}]},{\"@type\":\"WebSite\",\"@id\":\"https:\/\/camillelouyot.fr\/#website\",\"url\":\"https:\/\/camillelouyot.fr\/\",\"name\":\"Camille Louyot\",\"description\":\"Photographe\",\"publisher\":{\"@id\":\"https:\/\/camillelouyot.fr\/#organization\"},\"potentialAction\":[{\"@type\":\"SearchAction\",\"target\":{\"@type\":\"EntryPoint\",\"urlTemplate\":\"https:\/\/camillelouyot.fr\/?s={search_term_string}\"},\"query-input\":{\"@type\":\"PropertyValueSpecification\",\"valueRequired\":true,\"valueName\":\"search_term_string\"}}],\"inLanguage\":\"fr-FR\"},{\"@type\":\"Organization\",\"@id\":\"https:\/\/camillelouyot.fr\/#organization\",\"name\":\"Camille Louyot\",\"url\":\"https:\/\/camillelouyot.fr\/\",\"logo\":{\"@type\":\"ImageObject\",\"inLanguage\":\"fr-FR\",\"@id\":\"https:\/\/camillelouyot.fr\/#\/schema\/logo\/image\/\",\"url\":\"https:\/\/camillelouyot.fr\/wp-content\/uploads\/2022\/01\/cropped-Noir-et-Blanc-Simple-Entreprise-Logo-1.png\",\"contentUrl\":\"https:\/\/camillelouyot.fr\/wp-content\/uploads\/2022\/01\/cropped-Noir-et-Blanc-Simple-Entreprise-Logo-1.png\",\"width\":463,\"height\":465,\"caption\":\"Camille Louyot\"},\"image\":{\"@id\":\"https:\/\/camillelouyot.fr\/#\/schema\/logo\/image\/\"}}]}<\/script>\n<!-- \/ Yoast SEO plugin. -->","yoast_head_json":{"title":"Contact Camille Louyot photographe Nancy","description":"Les informations de contact de votre photographe \u00e0 Nancy. Pour se rencontrer, \u00e9changer, poser vos questions ou en savoir un peu plus.","robots":{"index":"index","follow":"follow","max-snippet":"max-snippet:-1","max-image-preview":"max-image-preview:large","max-video-preview":"max-video-preview:-1"},"canonical":"https:\/\/camillelouyot.fr\/?page_id=97","og_locale":"fr_FR","og_type":"article","og_title":"Contact Camille Louyot photographe Nancy","og_description":"Les informations de contact de votre photographe \u00e0 Nancy. Pour se rencontrer, \u00e9changer, poser vos questions ou en savoir un peu plus.","og_url":"https:\/\/camillelouyot.fr\/?page_id=97","og_site_name":"Camille Louyot","article_modified_time":"2024-09-13T15:24:02+00:00","og_image":[{"url":"https:\/\/s.w.org\/images\/core\/emoji\/13.1.0\/svg\/2709.svg","type":"","width":"","height":""}],"twitter_card":"summary_large_image","twitter_misc":{"Dur\u00e9e de lecture estim\u00e9e":"1 minute"},"schema":{"@context":"https:\/\/schema.org","@graph":[{"@type":"WebPage","@id":"https:\/\/camillelouyot.fr\/?page_id=97","url":"https:\/\/camillelouyot.fr\/?page_id=97","name":"Contact Camille Louyot photographe Nancy","isPartOf":{"@id":"https:\/\/camillelouyot.fr\/#website"},"primaryImageOfPage":{"@id":"https:\/\/camillelouyot.fr\/?page_id=97#primaryimage"},"image":{"@id":"https:\/\/camillelouyot.fr\/?page_id=97#primaryimage"},"thumbnailUrl":"https:\/\/s.w.org\/images\/core\/emoji\/13.1.0\/svg\/2709.svg","datePublished":"2022-01-20T20:52:03+00:00","dateModified":"2024-09-13T15:24:02+00:00","description":"Les informations de contact de votre photographe \u00e0 Nancy. Pour se rencontrer, \u00e9changer, poser vos questions ou en savoir un peu plus.","breadcrumb":{"@id":"https:\/\/camillelouyot.fr\/?page_id=97#breadcrumb"},"inLanguage":"fr-FR","potentialAction":[{"@type":"ReadAction","target":["https:\/\/camillelouyot.fr\/?page_id=97"]}]},{"@type":"ImageObject","inLanguage":"fr-FR","@id":"https:\/\/camillelouyot.fr\/?page_id=97#primaryimage","url":"https:\/\/s.w.org\/images\/core\/emoji\/13.1.0\/svg\/2709.svg","contentUrl":"https:\/\/s.w.org\/images\/core\/emoji\/13.1.0\/svg\/2709.svg"},{"@type":"BreadcrumbList","@id":"https:\/\/camillelouyot.fr\/?page_id=97#breadcrumb","itemListElement":[{"@type":"ListItem","position":1,"name":"Accueil","item":"https:\/\/camillelouyot.fr\/"},{"@type":"ListItem","position":2,"name":"Contact"}]},{"@type":"WebSite","@id":"https:\/\/camillelouyot.fr\/#website","url":"https:\/\/camillelouyot.fr\/","name":"Camille Louyot","description":"Photographe","publisher":{"@id":"https:\/\/camillelouyot.fr\/#organization"},"potentialAction":[{"@type":"SearchAction","target":{"@type":"EntryPoint","urlTemplate":"https:\/\/camillelouyot.fr\/?s={search_term_string}"},"query-input":{"@type":"PropertyValueSpecification","valueRequired":true,"valueName":"search_term_string"}}],"inLanguage":"fr-FR"},{"@type":"Organization","@id":"https:\/\/camillelouyot.fr\/#organization","name":"Camille Louyot","url":"https:\/\/camillelouyot.fr\/","logo":{"@type":"ImageObject","inLanguage":"fr-FR","@id":"https:\/\/camillelouyot.fr\/#\/schema\/logo\/image\/","url":"https:\/\/camillelouyot.fr\/wp-content\/uploads\/2022\/01\/cropped-Noir-et-Blanc-Simple-Entreprise-Logo-1.png","contentUrl":"https:\/\/camillelouyot.fr\/wp-content\/uploads\/2022\/01\/cropped-Noir-et-Blanc-Simple-Entreprise-Logo-1.png","width":463,"height":465,"caption":"Camille Louyot"},"image":{"@id":"https:\/\/camillelouyot.fr\/#\/schema\/logo\/image\/"}}]}},"_links":{"self":[{"href":"https:\/\/camillelouyot.fr\/index.php?rest_route=\/wp\/v2\/pages\/97"}],"collection":[{"href":"https:\/\/camillelouyot.fr\/index.php?rest_route=\/wp\/v2\/pages"}],"about":[{"href":"https:\/\/camillelouyot.fr\/index.php?rest_route=\/wp\/v2\/types\/page"}],"author":[{"embeddable":true,"href":"https:\/\/camillelouyot.fr\/index.php?rest_route=\/wp\/v2\/users\/1"}],"replies":[{"embeddable":true,"href":"https:\/\/camillelouyot.fr\/index.php?rest_route=%2Fwp%2Fv2%2Fcomments&post=97"}],"version-history":[{"count":130,"href":"https:\/\/camillelouyot.fr\/index.php?rest_route=\/wp\/v2\/pages\/97\/revisions"}],"predecessor-version":[{"id":3531,"href":"https:\/\/camillelouyot.fr\/index.php?rest_route=\/wp\/v2\/pages\/97\/revisions\/3531"}],"wp:attachment":[{"href":"https:\/\/camillelouyot.fr\/index.php?rest_route=%2Fwp%2Fv2%2Fmedia&parent=97"}],"curies":[{"name":"wp","href":"https:\/\/api.w.org\/{rel}","templated":true}]}}